 f**3 + f**2 - 4*f - 3. Suppose -2*a + a - 3 = 0. Let l be -3*(a + 1) - -2 - 3. Calculate the remainder when g(l) is divided by 32.
31
Let z(s) = s**3 + 3*s**2 - 3*s + 7. Let w be z(3). Let d = 75 - w. Suppose 31*p - d*p = 272. What is the remainder when p is divided by 9?
7
Let s = 1670 + -1621. Calculate the remainder when 781 is divided by s.
46
Suppose -2*a = -15*a + 351. Calculate the remainder when 142 is divided by a.
7
Suppose -3*a - 31 = -5*x, 2*a = 4*a + 4. Suppose y = 3, -y + 44 = 2*u + y. What is the remainder when 94 is divided by 2*(x/(-10))/((-1)/u)?
18
Suppose -8*t = -35*t + 8343. Suppose 473 = 46*a - t. Calculate the remainder when 43 is divided by a.
9
Calculate the remainder when 42/(-140)*295*(-30)/9 is divided by 30.
25
Suppose -17*l + 5928 = 16*l + 24*l. What is the remainder when 609 is divided by l?
89
Suppose -5*r - 5*t + 20 = 0, 17*r - 16*r + 5*t - 4 = 0. Suppose -8*l + 92 = -r*l. What is the remainder when 36 is divided by l?
13
Suppose 0 = -40*q + 12*q + 41552. Suppose -i - 2*i - 2*p = -q, -2*i + 5*p + 983 = 0. Calculate the remainder when i is divided by 33.
32
Let o(j) = 4*j - 6. Let w(l) = l**2 + 6*l - 29. Let c be w(-14). Suppose c = 9*g + 2. What is the remainder when o(5) is divided by g?
5
Let s(q) = -3*q**3 - 10*q + 11. Let l(r) = -2*r**3 + r**2 - 11*r + 10. Let c(j) = -4*l(j) + 3*s(j). What is the remainder when c(-8) is divided by 35?
32
Let w be (-27 - -3)/6 - -44. Suppose -44*d = -w*d - 8. Calculate the remainder when d is divided by (-2)/9 - (-40)/18.
0
Let w = 25 - 12. Suppose 85 = 18*r - w*r. Calculate the remainder when 29 is divided by r.
12
Suppose 136 = 3*k + 10. Let s = -19 - k. Let x = -57 - s. What is the remainder when 14 is divided by x?
2
Let u be ((-1000)/2)/((13 - 23) + 8). Suppose 46*o - u = 36*o. What is the remainder when 249 is divided by o?
24
Let z = -45 - -65. Let x be (-40 - z)*(-14)/4. Let s = x - 131. What is the remainder when s is divided by 20?
19
Suppose 211*f = 214*f - 135. Suppose -t + 2*t - 3*p = 156, -4*p = 3*t - 455. Calculate the remainder when t is divided by f.
18
Suppose 554 = -3*b + 5*b. Let f = -140 + b. Calculate the remainder when f is divided by 24.
17
Let q = 210 - 207. Suppose -q*s - 19 = -253. What is the remainder when s is divided by 20?
18
Let z = 25 + -75. Let a = z - -47. What is the remainder when 66 is divided by (-16)/(-12) - 65/a?
20
Let b = 11 + 10. Suppose -d + 2 + 7 = 2*y, 2*d - 33 = -y. Suppose f = 12 + d. Calculate the remainder when f is divided by b.
10
Let b be 6/(-33) + (-598)/(-22). Let l = b + -4. Calculate the remainder when (-48)/(-64)*(0 - -60) is divided by l.
22
Let f be (-7)/28 - (-1)/4. Let q(b) = 2*b + 2. Let j be q(f). Suppose r + 5*t - j = 11, -5*t - 33 = -r. Calculate the remainder when 64 is divided by r.
18
Suppose 5*z - 81 = 39. Let w be (-8)/14*((-11)/(-22) - 4). Suppose w*y - 8*y + 714 = 0. What is the remainder when y is divided by z?
23
Let z(n) = -n**3 + 2*n**2 + 4*n - 10. Let b be z(2). What is the remainder when 47 is divided by 22/6 + (1 - b/(-3))?
3
Suppose -140 = -4*v - 2*u, -105*v - 2*u + 173 = -100*v. What is the remainder when 115 is divided by v?
16
Suppose 2*w + 301 = 5*z, 2*w = -2*z + 40 + 72. Let m = -61 + z. What is the remainder when 78 is divided by (4/6)/(4*m/(-240))?
18
Suppose 195 = 10*q + 45. Suppose 5*v + 0*f - 3*f - 137 = 0, 2 = 2*f. What is the remainder when v is divided by q?
13
Let w be 0 - 4 - (1 + -1). Let q(n) = n**2 - 2*n - 7. Let v be q(4). Calculate the remainder when 55 is divided by 4*1/(-2)*w*v.
7
Suppose 12583 = 58*i - 8973 - 194. Calculate the remainder when 1149 is divided by i.
24
Let i(m) = -m**3 + 27*m**2 + 25*m + 151. Let t be 35 - 2/6*21. Calculate the remainder when i(t) is divided by 45.
22
Suppose 24738 - 158441 = -19*c + 92891. Calculate the remainder when c is divided by 12.
10
Suppose 0 = 2*h - 5*s - 179, 5*h - 122 = -2*s + 311. What is the remainder when h is divided by 48?
39
Let t = -18535 + 18833. What is the remainder when t is divided by 93?
19
Suppose 2*f - 5*c - 1242 = 0, 3105 = 5*f - 6*c + 2*c. Suppose -6*z + f = 141. Suppose z*g - 96 = 78*g. What is the remainder when 143 is divided by g?
47
Suppose 2*f - 12 = -4*b, f = -4*f + 3*b + 17. Let q be f/2 + 12 + -12. Suppose -q*n + 4*n = 134. What is the remainder when n is divided by 23?
21
Let y = -49 - -51. Let d(f) be the first derivative of 7*f**3/3 + 2*f**2 - 4*f + 11. Calculate the remainder when d(y) is divided by 11.
10
Let f be 0 - -2 - (-5 - (-2 + 5)). Suppose -14*a = -f*a. Calculate the remainder when 8 is divided by (0/(-1) - a) + (-1 - -3).
0
Suppose -3*n = -l - 196, 5*n + 4*l - 385 = -64. Suppose 16 = -7*p + n. Calculate the remainder when 20 is divided by p.
6
Let o be 30/4 + (-2)/(-4). Suppose -6*k = -57*k + 293 + 727. Suppose -19*a - o = -k*a. Calculate the remainder when 23 is divided by a.
7
Suppose -4*z = 9*z + 5499. Calculate the remainder when z/(-21) + (3/7)/(-3) is divided by 8.
4
Let b(u) = 4*u**2 - 3*u - 5*u + 11*u. Let c be b(-2). Let r = 21 + c. Calculate the remainder when r is divided by 11.
9
Calculate the remainder when 2 + 35/(-14)*2 + 200 + 7 is divided by 104.
100
Let k(d) = 2*d**2 - 18*d + 91. What is the remainder when 741 is divided by k(8)?
66
Let r(z) = -z**2 + 56*z - 420. Calculate the remainder when 750 is divided by r(44).
102
Suppose 57 = 6*q - 3*q. Suppose 11*l - 7*l - 55 = -3*y, 0 = -2*l + 9*y - 67. Calculate the remainder when q is divided by l.
5
Calculate the remainder when ((-7)/1 + 5 + -1)*(1 + -198) is divided by 48.
15
Suppose -5*r + 3*q + 64 = -50, -5*r + 2*q = -116. Suppose 4*w = 10 + 46. Suppose 0 = 6*t + w - 572. Calculate the remainder when t is divided by r.
21
Let z be -8 + (3 - (-5 + 2)). Calculate the remainder when 277 is divided by 6/z + (-13 - -17) - -46.
42
Suppose -2*l - 1814 = 147*m - 149*m, 5*m + 4*l - 4571 = 0. What is the remainder when m is divided by 38?
37
Let h be ((-30)/35)/(9/(-42)). Suppose 2*a - 219 = 5*p, 0*p = 3*p + h*a + 147. Let f = -43 - p. Calculate the remainder when 3 is divided by f.
1
Let m = 13864 - 13701. What is the remainder when m is divided by 1?
0
Let j = 12 + 0. What is the remainder when 46 is divided by ((-870)/232)/((-5)/j)?
1
Suppose 4*x + 2*q = 260, x - 65 = 302*q - 300*q. Calculate the remainder when 505 is divided by x.
50
Let k = 504 - 380. Suppose 5*d - 20 = -4*c - 8, 6 = 2*d + c. Let i(a) = 6*a + 1. What is the remainder when k is divided by i(d)?
24
What is the remainder when ((-7)/(84/30) - -2)*-598 is divided by 60?
59
Suppose 0 = 52*f - 798 - 4142. Calculate the remainder when f is divided by 91.
4
Let q = 19 + -1. Let b(x) = 2*x**2 - 13*x + 39. Let g be b(6). Let j = 104 - g. Calculate the remainder when j is divided by q.
17
Suppose 0 = -7*w - 1790 - 1360. Let a = 21 - w. Let h = a + -336. Calculate the remainder when h is divided by 34.
33
Let x = 4927 - 4614. Calculate the remainder when x is divided by 137.
39
Let i(z) = z**3 - z**2 - 261*z + 1310. Calculate the remainder when 15117 is divided by i(5).
102
Suppose -20*l = -14*l - 24. Let d(z) = 12*z - 20. Let p(b) = 17*b**2 - 2*b + 1. What is the remainder when d(l) is divided by p(1)?
12
Suppose -5*w + 2455 = -6*u + 4*u, 4*w = -2*u + 1982. Let k(v) = -v**2 + 7*v + 13. Calculate the remainder when w is divided by k(7).
12
Let g be (-2)/(2/6*-2). Suppose -6 + 4 = 5*h - y, -4 = -2*y. Suppose g*q - 309 + 89 = -f, -3*f + 3 = h. Calculate the remainder when q is divided by 15.
13
Let i = -186 - -281. Let s = i + -41. Calculate the remainder when s is divided by 19.
16
Let m(b) = -b**3 - 11*b**2 - 6*b + 28. Let u be m(-10). Let v(h) = 2*h + 87. What is the remainder when v(u) is divided by 11?
8
Suppose 176*n + 0*n = 246400. What is the remainder when n is divided by 54?
50
Suppose 0 = 4*a - 9*a + 5*h + 60, -a = 2*h + 3. What is the remainder when (6 - (-508)/3) + -36*(-28)/378 is divided by a?
3
Suppose -j + 11*k + 35 = 16*k, -140 = -4*j - 2*k. Calculate the remainder when 135 is divided by j.
30
Let n = -16 - -19. Let x be n - (1 - 0 - 3). Suppose a + 88 = x*a. What is the remainder when a is divided by 8?
6
Let k(n) = 153*n**3 - 20*n**2 + 75*n - 25. What is the remainder when k(3) is divided by 67?
64
Let l(y) = 707*y + 16299. Calculate the remainder wh